ppose 5*k + 5*b - 745 = 620, -5*b + 2457 = 9*k. What is the greatest common divisor of k and 42?
21
Let f = 1005 - 627. What is the greatest common divisor of f and 42?
42
Let l be (-20)/25*1015/(-2). Suppose 6*a - 608 = l. Calculate the highest common factor of a and 13.
13
Suppose 7 = -b + 9. Suppose f + b*d - 8 = -2*d, 18 = 4*f + 2*d. Let o(w) = 7*w - 2. Let h be o(2). What is the greatest common divisor of h and f?
4
Suppose 0 = -6*y - 19*y + 3750. What is the highest common divisor of 15 and y?
15
Suppose 117*b - 115*b = 88. What is the greatest common divisor of b and 12?
4
Let m = -27 - 8. Let q be (-550)/m - (-4)/14. Let y = 60 + -20. Calculate the highest common divisor of y and q.
8
Suppose -599 - 673 = -8*j. Let k = j - 154. Suppose -3*q + 5*q = 40. Calculate the greatest common factor of q and k.
5
Let o(c) = c**3 - 4*c**2 - 4*c - 5. Let f be o(5). Suppose 225 = 3*a - 3*r, a + 2*r - 78 = -f*a. Let d = a - 41. What is the greatest common factor of 14 and d?
7
Suppose -7*g + 1657 = -2921. Calculate the highest common divisor of 12 and g.
6
Let d = -6 + 9. Let u be 4 - (2 - (d - -94)). Suppose 2*n + 35 = 3*p, -p - n = n - 1. What is the greatest common divisor of p and u?
9
Suppose 3*i + 2*p - 2383 = 0, 25*i - 22*i = -3*p + 2385. What is the highest common divisor of i and 183?
61
Suppose c - 11 = -3*h, -3*c - 25 = -6*c - 5*h. Let f = 59 - 56. Suppose k - 15 = f*v, -3*v - 22 - 53 = -5*k. Calculate the greatest common divisor of k and c.
5
Let p(w) = -14*w**3 + 10*w**2 + 27*w + 3. Let f be p(-3). Calculate the greatest common factor of f and 50.
10
Suppose 2*u = 5*o - 32, -27*o = -24*o + u - 17. Calculate the highest common factor of o and 105.
3
Suppose -3*u - 465 = -3*z, 3*z - u + 41 - 500 = 0. Calculate the highest common factor of z and 4.
4
Let y(n) = n**3 + 10*n**2 + 8*n - 8. Let t be y(-8). What is the highest common divisor of t and 24?
8
Let u(k) = -24*k - 396. Let p be u(-17). Calculate the highest common factor of p and 1788.
12
Let f be -2 + 236/8 + 1/2. Let j be 7/(f/(-30))*(-18)/15. What is the greatest common divisor of 6 and j?
3
Suppose -85*y - 31 = -88*y + 5*s, 0 = -5*y + s + 59. Let z(d) = d. Let g be z(4). What is the highest common factor of y and g?
4
Let k be (-308)/(-6) + 8/12. Calculate the highest common factor of k and 65.
13
Let g(x) = -x**2 - 11*x + 12. Let c be g(-11). Let z be (-27)/(-6)*20/3. What is the greatest common factor of z and c?
6
Let z(o) = 4*o**2 - 117*o - 54. Let m be z(36). Calculate the greatest common factor of 51 and m.
51
Let v = -278 - -498. Suppose z + 3 - 65 = -4*r, -5*z - 2*r + v = 0. Let l be z/6*(1 + 0). What is the greatest common factor of l and 77?
7
Suppose -5*l + 924 = 3*k, -k + 3*l + 122 = -186. What is the highest common divisor of k and 352?
44
Let i = -776 - -1252. Calculate the highest common divisor of i and 28.
28
Let t be (1 + 11)*(-92)/(-6). Suppose 0 = s + 3*s - t. Let i = s + -10. What is the greatest common factor of 12 and i?
12
Let u = 28 + -2. Suppose -o + u = 4*m, 20 = 3*o + 4*m - 42. Calculate the highest common divisor of 4 and o.
2
Let a(z) be the first derivative of -6*z + 1/4*z**4 + 11 + 5/2*z**2 + 8/3*z**3. Let l be a(-7). What is the greatest common factor of l and 24?
8
Let j = 54 + -35. Let v be (-2 + 0)/(-3 + 0 + 1588/532). Calculate the greatest common factor of v and j.
19
Let t be ((-104)/(-39))/((-4)/(-6)). Suppose 0 = -t*c + 2*c - 106. Let x = c - -173. What is the greatest common divisor of x and 15?
15
Suppose -5*z = -2*l - 25, 0 = 4*z - z - 4*l - 29. Let j be 2 - (z - (83 - 2)). Suppose 6*y - 4*y = j. What is the highest common divisor of 5 and y?
5
Let c = -129 + 197. Calculate the highest common divisor of c and 51.
17
Let h be 3*(-30 - 28)/(-1 + -2). What is the highest common factor of 986 and h?
58
Let x(d) = -d - 10. Let g = -2 + -2. Let q be -11 + 2 + 2 + g. Let o be x(q). Calculate the greatest common factor of o and 11.
1
Let t be 6/6 + 14 + 14 + -8. Calculate the greatest common divisor of 861 and t.
21
Suppose -4*h = -397 + 353. What is the highest common divisor of h and 143?
11
Let o(f) = f**3 + 16*f**2 + f + 21. Let q be o(-16). Calculate the greatest common divisor of q and 5.
5
Suppose -11*o + 320 = -o. Suppose 0 = t + 3*t + 4*n - o, 2*n = -3*t + 22. What is the greatest common factor of 2 and t?
2
Let i be -2 + 44/(-4) + 16. What is the highest common factor of 31 and i?
1
Let d(z) = z**2 + 30*z - 36. Let s be d(4). What is the greatest common factor of 12 and s?
4
Let b = -13 - -47. Let m = -5030 + 5098. Calculate the greatest common divisor of m and b.
34
Let m(y) = -16*y + 1. Let z be m(0). What is the highest common factor of z and 73?
1
Suppose 0 = 128*f - 120*f - 256. What is the greatest common divisor of f and 4?
4
Suppose 0 = -34*m + 60*m - 624. What is the greatest common factor of 12 and m?
12
Let k be (5 - 42/9)*(94 - -5). What is the greatest common divisor of k and 88?
11
Let h be 30/7 + 2/(-7). Let c = -132 + 134. Suppose -4*z + 22 = 4*d - 7*d, d + 10 = c*z. What is the greatest common factor of h and z?
4
Suppose 0 = -13*n + 86 + 70. What is the highest common factor of n and 66?
6
Let m = 83 - 71. Let t be -3 + 2 + 3 - 0. Suppose -z = -0*z + 2, -4*g + t*z + 124 = 0. Calculate the greatest common factor of m and g.
6
Let r = 34 - 29. Suppose 4 = 3*y - 8, -5*v - r*y + 420 = 0. Calculate the highest common divisor of 10 and v.
10
Suppose -k + 4 = -5*f - 5, 3*k - 4*f = 16. Suppose 92 = k*y - 56. Suppose -a = -y + 11. What is the highest common divisor of 65 and a?
13
Let s be -1*(3 - 9) + 0. Let u = 204 + -129. Let z = u + -33. What is the greatest common factor of s and z?
6
Suppose 2*l - 20 - 30 = -4*a, 2*l = 2*a - 22. What is the greatest common factor of 108 and a?
12
Suppose -9*m = -5*m - 896. What is the highest common divisor of m and 32?
32
Suppose 2*a + f = -2*f + 280, 4*a + 5*f = 556. Suppose 7*w - j - 321 = 2*w, j - a = -2*w. What is the highest common factor of w and 13?
13
Let p = -180 + 187. Calculate the highest common divisor of p and 203.
7
Suppose 10*u - 45 = 5*u. Let g be 3256/72 + (-2)/u. What is the highest common factor of g and 315?
45
Let q(h) = -h**2 - 16*h - 11. Let j be q(-15). Suppose 55 = j*s - 45. Calculate the highest common divisor of s and 225.
25
Suppose -4*n + 50 - 14 = 4*c, -3*c = -5*n + 13. Suppose -5*z - 13 + 5 = -o, o - 1 = -2*z. Let l = 8 - o. Calculate the greatest common factor of n and l.
5
Suppose 0 = 3*f + 33 - 51. Let s = 1 + f. What is the greatest common divisor of 7 and s?
7
Suppose 0 = n - 4*n - 54. Let r = n + 34. What is the highest common factor of 128 and r?
16
Let k be 1 + (60 - (-5 - -1)). Let n = 94 - k. What is the greatest common factor of 232 and n?
29
Suppose 5*x - 2*x + 81 = 0. Let p = 34 + x. Let f be (-2)/(-1*2)*1. Calculate the highest common factor of f and p.
1
Let y be (-31)/3 - (-9)/27. Let p be ((-8)/y)/(10/75). Suppose o - 5 = p. What is the greatest common factor of 33 and o?
11
Let a = 540 + -505. Calculate the highest common factor of a and 315.
35
Let z(v) = 2*v + 106. Let l be z(-23). Calculate the highest common factor of l and 48.
12
Suppose 0 = -7*h + 2*h. Suppose -55 = -61*u + 67. Suppose 2*v = p, -5*p = -h*p + u*v - 12. Calculate the highest common divisor of 8 and p.
2
Let b = 252 - 76. Let j = 8 - -18. Let h be (j - 3) + (2 - 3). What is the highest common factor of h and b?
22
Let m = -1262 - -1406. What is the highest common factor of 32 and m?
16
Let m be (-19 - -30) + (4 - 6). Suppose 0 = -2*s + w + 166, 3*w + 154 = 2*s - w. Let t = 184 - s. What is the greatest common divisor of t and m?
9
Suppose -2*c - 2*c = 3*d, 3*d = c - 15. Suppose 53 = 4*s + 5*v, -c*v + v - 58 = -5*s. Calculate the greatest common factor of 3 and s.
3
Suppose 3*l - 103 = a, -2*l + a + 31 = -l. Suppose -w + l = 2*w. Let v be (17/(-68))/(3/4)*(-1 + -8). What is the greatest common divisor of v and w?
3
Suppose -415 = -3*s - 5*c, 5*c = -4*s + 3*c + 558. What is the highest common divisor of s and 210?
70
Let w = -2372 + 2375. Suppose 4*b - 113 = -k, b - 22 = -k + 2*k. Calculate the greatest common factor of w and b.
3
Suppose k = 3*c + 62, 4*c - 99 = -5*k + 192. Let u = 75 - k. What is the highest common divisor of u and 16?
16
Let y(b) = b**3 + 4*b**2